or of r(-12)?
False
Let j be (1/(-3) + (-473)/(-33))*22. Suppose -5*d + 7*d + s - j = 0, -3*d = 3*s - 465. Is d a multiple of 4?
False
Let i(q) = -2*q + 42. Let b be i(24). Let m be -30*(-2 - (b + 5)). Suppose -3*x + 5*p + 88 = 14, 0 = -x - p + m. Is x a multiple of 14?
True
Let t be (-3 - 6)/(108/(-24)). Is -2*(-6 - -9) - (-1378)/t a multiple of 44?
False
Suppose 0 = 4*z - 4*s - 14572, -z - 4*s - 50 + 3728 = 0. Is 5 a factor of z?
True
Let l be 6/(-45) + (-6)/(-45). Suppose -5*c = -0*r - r - 11, -3*c + 9 = l. Suppose -3*o - 2*k + 131 = 0, 2*o + r*k - 94 = k. Does 17 divide o?
False
Suppose 447*c - 457*c + 6660 = 0. Is 9 a factor of c?
True
Let v(m) = -3*m**3 + 9*m**2 - 23*m - 73. Is 25 a factor of v(-9)?
True
Let o(j) = -j**2 - 13*j - 8. Let c be o(-12). Suppose 2*k - 400 = 5*l + 7, -c*l = 5*k - 1100. Is k a multiple of 6?
True
Let r(v) = 10*v - 6. Let w be r(0). Is ((-87)/w)/((-2)/(-240)*3) a multiple of 20?
True
Let n be 1*3 + 28*247/13. Suppose k + n = 3*g, 7*g = 3*g + k + 715. Is g a multiple of 18?
True
Let w = -129 - -244. Let c = w - -257. Suppose -4*i + x + c = 0, 440 = 5*i + 4*x + x. Is 36 a factor of i?
False
Suppose -4*q + 7934 = z, 0 = -z - 2*q + 6869 + 1067. Does 60 divide z?
False
Suppose 9*o - 762 = -3*r + 846, r + o = 538. Does 14 divide r?
False
Let o be 3/(-3)*-1*(-5 - -6). Suppose r + o = 24. Suppose r*v - 255 = 18*v. Is v a multiple of 16?
False
Suppose 103921 + 83303 = 25*c + 4*c. Is 12 a factor of c?
True
Let j(n) = n**2 + 6. Let t be j(0). Suppose 2*y = 12 - t. Suppose -16*m + 12*m - y*q + 1162 = 0, -3*q = 3*m - 870. Is m a multiple of 29?
False
Is 470 + (6/(-14))/(19/(-2128)*24) a multiple of 3?
False
Let w(x) = 2*x**3 + 67*x**2 + 30*x - 12. Let g be (1 - 36) + 4 + -2. Does 3 divide w(g)?
True
Let w be ((-5)/75*-6)/(9/(-2790)). Let r = 114 - w. Is 34 a factor of r?
True
Let f(u) = 3*u**2 - u + 10. Let c(t) = 3*t**2 - 9*t + 6. Let n(h) = h**2 + 2*h - 12. Let o be n(-5). Let q be c(o). Does 16 divide f(q)?
True
Let b(s) = s**2 + 9*s - 21. Suppose -2*n = -h - h + 22, h = 5*n + 47. Let m be b(n). Does 54 divide m/(-5) + -4 - 1184/(-5)?
False
Suppose 5*i - 16 = -q + 14, 0 = 2*q + 4*i - 30. Let c(j) = -9*j + 56. Let z(d) = -9*d + 57. Let b(f) = q*z(f) - 6*c(f). Does 15 divide b(9)?
True
Suppose 4*q + 3920 = -67*n + 71*n, -4*n + 3920 = 5*q. Is 5 a factor of n?
True
Suppose 2*j + r = 4*r + 241, 4*r = -3*j + 353. Let y(n) = -j*n - 105 + 209 - 97. Is 21 a factor of y(-1)?
True
Let z = -101 - -64. Let m = 532 + -579. Let a = z - m. Does 2 divide a?
True
Suppose 1 = 3*a - w + 12, -4*a + w - 14 = 0. Let u(s) = -4*s**3 + 5*s**2 + s - 3. Does 9 divide u(a)?
False
Let n(x) = 10 + 2*x + 9*x**2 - 17*x - x + x**3. Let i(d) = 1553*d + 1543. Let b be i(-1). Is 7 a factor of n(b)?
True
Suppose 17 = -7*k + 52. Suppose k*o + 1200 = -5*p, 793 + 177 = -4*o + p. Let n = -170 - o. Is n a multiple of 11?
False
Let t be -1*455/(-21)*3/(-1). Let u = t - -68. Is (4/u + 0)/(2/111) a multiple of 13?
False
Suppose -z + 12 = 2*z. Suppose -204 = -3*r - z*t, 0 = -10*r + 8*r + 5*t + 136. Does 34 divide r?
True
Let a be ((-2)/6)/(11/(-12969)). Suppose 2*s = 3*s - a. Is s a multiple of 66?
False
Let b = -4 - -2. Let f be (b*1/5)/((-6)/30). Suppose 5*q + 2*w = -w + 84, 40 = f*q - 2*w. Does 9 divide q?
True
Let m(h) = 4*h**3 - h**2 + 53*h + 14. Does 66 divide m(13)?
False
Suppose 4*z + 4*s - 13392 = 0, -3*z + 4*s = -2*z - 3323. Is 5 a factor of z?
False
Let i(l) = 17*l + 3. Let x(g) = 16*g + 4. Let r(t) = 5*i(t) - 6*x(t). Let z be r(-4). Suppose -749 - z = -8*v. Does 22 divide v?
False
Let u(d) = -4*d - 128. Let m be u(-32). Suppose m = 25*x - 679 - 4871. Is x a multiple of 31?
False
Let f be (-2 + 1)/(1/1198*-2). Let t = -295 + f. Does 16 divide t?
True
Let y(t) = -t**2 - 7*t - 4. Let n be y(-6). Let f be (n - 3)*(1 - 28) + -4. Suppose 111 = -22*d + f*d. Is d a multiple of 9?
False
Let l(m) = -m**3 - 38*m**2 - 18*m - 72. Does 3 divide l(-38)?
True
Suppose 2*h + i = 33217, 0*h + 16596 = h - 2*i. Is 11 a factor of h?
False
Let i(d) = -d**2 - d - 6. Let c be i(0). Let k(s) = -2*s - 10. Let p be k(c). Suppose -2 = -2*v, -3*v - 2*v = -p*r + 163. Is 7 a factor of r?
True
Let o(r) = -4*r**2 - 75*r + 12. Let m be o(-19). Is 4 a factor of 4 + (-1)/(((-42)/(-558))/m)?
False
Suppose -5544 = 48*x - 60*x. Is x a multiple of 66?
True
Let k(s) = s**2 + 11*s + 5. Let y be k(-4). Let t = y - -26. Does 14 divide (3 + t/(-4))*(-56)/(-3)?
True
Let t(y) = 4*y**2 - 13*y + 10. Let o be t(-6). Let f = 336 - o. Let z = f + -54. Is z a multiple of 5?
True
Suppose 313*g - 379*g = 179957 - 840485. Is 9 a factor of g?
True
Let m(u) = 147*u**2 + 4*u - 8. Let v be m(4). Let l be (v/50)/(-2*2/(-20)). Suppose 0*i = 2*i - l. Is 36 a factor of i?
False
Suppose 4*q - 1164 = -i + 1053, 4*i - q - 8766 = 0. Does 6 divide i?
False
Let x be (75/125)/(-1*(-1)/255). Suppose x = g - 117. Is g a multiple of 10?
True
Suppose -109*g - 9 = -110*g. Suppose 0 = q - g*q + 256. Is 6 a factor of q?
False
Is 9 a factor of ((-37080)/168 - 6/21)*-252?
True
Suppose 3*h - 3 = 6. Let y(w) = -w**2 - 5*w + 2. Let l be y(h). Does 26 divide (-11)/(l/416) - 2?
False
Is 72 a factor of 25/(-20) + (-15 - -16) - 36001/(-4)?
True
Suppose 914 - 346 = 3*n - 2*f, f - 1 = 0. Suppose -722 = v + n. Does 9 divide (v/133)/((-2)/28)?
False
Let b be 26118/114 + 6/(-57). Suppose b = c + 64. Suppose -2*x + 0 + 10 = 0, 5*w + 2*x - c = 0. Does 25 divide w?
False
Suppose -50*q + 3708 = -44*q. Let c = -398 + q. Does 20 divide c?
True
Suppose -c = -10*c + 22356. Is c a multiple of 6?
True
Let z = -72 - 29. Let i = -282 - z. Let v = i + 506. Does 13 divide v?
True
Let c be 24/5 + 2 + 18/(-10). Suppose -4*x + 8 = 4*g, x + c*g = 6 - 16. Suppose -j - x*j + 210 = 0. Is 7 a factor of j?
True
Let f(p) be the first derivative of p**2 - 10*p - 7. Let r(h) = 9*h**3 - h**2 + h. Let a be r(1). Is 4 a factor of f(a)?
True
Let b(j) = -2*j**3 + 77*j**2 + 3*j**3 + 51 - 80*j**2 + 2*j - 9*j. Is 9 a factor of b(7)?
True
Suppose -t + 28 = 3*t. Suppose 0 = -g - 14 + 20. Suppose 65 = -g*s + t*s. Is s a multiple of 12?
False
Let y = -2048 + 4673. Does 25 divide y?
True
Let v(n) be the first derivative of -23*n**2/2 - 39*n - 210. Is 15 a factor of v(-12)?
False
Let u = -4368 - -8193. Does 19 divide u?
False
Let p(o) = 48*o - o**2 - 27*o + 17 - 16*o. Is p(4) even?
False
Suppose 5*l + 825 = 4*x, -5*l = 2*x - 586 + 211. Suppose -o = -2*m - 228, -o - 9*m = -4*m - x. Is 38 a factor of o?
False
Let p(r) = r**3 + 109*r**2 + 244*r - 384. Does 278 divide p(-103)?
False
Suppose 0 = 10*v + 2736 + 1744. Let i = v + 624. Is 16 a factor of i?
True
Is -6*((-6272)/1960)/(2*(-2)/(-210)) a multiple of 7?
True
Let c(g) be the first derivative of -2*g**3/3 + 59*g**2/2 + 22*g + 14. Is c(22) a multiple of 35?
False
Let p(z) = -47*z + 481. Let q be p(10). Suppose 33576 = 35*j - q*j. Does 65 divide j?
False
Suppose 391914 + 183186 = 100*u. Is 35 a factor of u?
False
Let i be (-4)/18*1 - 56805/135. Let g = i + 645. Does 14 divide g?
True
Let g = 265 - -58. Suppose -3*j + g = -667. Is j a multiple of 11?
True
Let l(w) be the first derivative of w**5/30 + 9*w**4/4 + 32*w**3/3 - 8. Let u(p) be the third derivative of l(p). Is 8 a factor of u(-5)?
False
Suppose 51*z - 35 = 44*z. Suppose z*t - y = 3*y + 252, 2*t - y = 102. Does 13 divide t?
True
Let p be (9/((-24)/8))/(-1). Suppose 8*k = p*k + 2*g + 3508, 0 = -3*g + 3. Is 78 a factor of k?
True
Suppose r - 7235 = -4*k, 2*r = 3*k - r - 5415. Does 10 divide k?
False
Suppose 83 = -8*a + 2195. Suppose v + 9*k - 6*k = 8, k - 12 = -5*v. Suppose -3 = -3*l - 12, 0 = -v*t - 4*l + a. Does 16 divide t?
False
Let u = 191 + -186. Suppose 5*o - 1690 = -2*p, -2329 = -u*p - 5*o + 1881. Does 84 divide p?
True
Suppose 1482240 = -231*z + 424*z. Does 30 divide z?
True
Let n = 9487 + -656. Does 3 divide n?
False
Let u(p) = -332*p + 7929. Is u(-19) a multiple of 64?
False
Let k = -25798 + 54537. Is k a multiple of 24?
False
Suppose 2*x - v - 369 = 0, 5*x + v - 647 - 293 = 0. Let r = x - -299. Is r a multiple of 27?
True
Is 76 a factor of ((-114)/4)/(192/(-27136))?
True
Suppose -103 + 106 = a. Suppose 0 = -a*y + 5*y - 22. Does 5 divide y?
False
Let a = -990 + 3180. Is 15 a factor of a?
True
Suppose 5*t = -4*k - 40, -9 = 2*t - 0*k + 3*k. Let s(m) = -21*m + 29. Let y